{"id":1156,"date":"2022-09-16T19:22:45","date_gmt":"2022-09-16T19:22:45","guid":{"rendered":"http:\/\/gularo.com\/product\/breeze\/"},"modified":"2022-11-15T14:34:29","modified_gmt":"2022-11-15T14:34:29","slug":"breeze","status":"publish","type":"product","link":"https:\/\/gularo.com\/?product=breeze","title":{"rendered":"Breeze"},"content":{"rendered":"<p><iframe width=\"560\" height=\"515\" src=\"https:\/\/www.youtube.com\/embed\/90dtiYIFLz8\" title=\"YouTube video player\" frameborder=\"0\" allow=\"accelerometer; autoplay; clipboard-write; encrypted-media; gyroscope; picture-in-picture\" allowfullscreen><\/iframe><\/p>\n","protected":false},"excerpt":{"rendered":"<p>BREEZE<br \/>\nEste nuevo producto que lleg\u00f3 para unirse a la familia de Stromberg Life, combina lo mejor en calidad y tecnolog\u00eda con un dise\u00f1o sobrio y silencioso ideal para cualquier ambiente.<br \/>\nEl Stromberg Breeze, de 1m 60cm de altura, tiene aspas de 18 pulgadas que generan un flujo grande de aire. Las mismas, al ser r\u00edgidas de polipropileno reducen vibraciones y ruidos, garantizando as\u00ed, un funcionamiento silencioso.<br \/>\nEl ventilador tiene un motor de 55W que proporciona potencia y eficacia en sus 3 velocidades diferentes.<br \/>\nAdem\u00e1s, cuenta con temporizador regulable de 2 a 120 minutos.<\/p>\n<p>Caracter\u00edsticas:<br \/>\n\u25cf Dise\u00f1o silencioso<br \/>\n\u25cf Motor de 55W<br \/>\n\u25cf Velocidad regulable (3 velocidades)<br \/>\n\u25cf Temporizador (de 2 a 120 minutos)<br \/>\n\u25cf Altura m\u00e1xima 1,6 metros<br \/>\n\u25cf Aspas de 18\u201d<\/p>\n<p>Medidas:<br \/>\nBase: 44 cm<br \/>\nAlto: 160 cm<\/p>\n<p>Medidas embalaje:<br \/>\nAlto: 65 cm<br \/>\nAncho: 56 cm<br \/>\nProfundo: 13,6 cm<\/p>\n","protected":false},"featured_media":694,"comment_status":"closed","ping_status":"closed","template":"","meta":{"_acf_changed":false,"_monsterinsights_skip_tracking":false,"_monsterinsights_sitenote_active":false,"_monsterinsights_sitenote_note":"","_monsterinsights_sitenote_category":0},"product_brand":[],"product_cat":[28,30],"product_tag":[],"class_list":{"0":"post-1156","1":"product","2":"type-product","3":"status-publish","4":"has-post-thumbnail","6":"product_cat-stromberg-life","7":"product_cat-ventilacion","9":"first","10":"instock","11":"product-type-simple"},"acf":[],"aioseo_notices":[],"_links":{"self":[{"href":"https:\/\/gularo.com\/index.php?rest_route=\/wp\/v2\/product\/1156","targetHints":{"allow":["GET"]}}],"collection":[{"href":"https:\/\/gularo.com\/index.php?rest_route=\/wp\/v2\/product"}],"about":[{"href":"https:\/\/gularo.com\/index.php?rest_route=\/wp\/v2\/types\/product"}],"replies":[{"embeddable":true,"href":"https:\/\/gularo.com\/index.php?rest_route=%2Fwp%2Fv2%2Fcomments&post=1156"}],"wp:featuredmedia":[{"embeddable":true,"href":"https:\/\/gularo.com\/index.php?rest_route=\/wp\/v2\/media\/694"}],"wp:attachment":[{"href":"https:\/\/gularo.com\/index.php?rest_route=%2Fwp%2Fv2%2Fmedia&parent=1156"}],"wp:term":[{"taxonomy":"product_brand","embeddable":true,"href":"https:\/\/gularo.com\/index.php?rest_route=%2Fwp%2Fv2%2Fproduct_brand&post=1156"},{"taxonomy":"product_cat","embeddable":true,"href":"https:\/\/gularo.com\/index.php?rest_route=%2Fwp%2Fv2%2Fproduct_cat&post=1156"},{"taxonomy":"product_tag","embeddable":true,"href":"https:\/\/gularo.com\/index.php?rest_route=%2Fwp%2Fv2%2Fproduct_tag&post=1156"}],"curies":[{"name":"wp","href":"https:\/\/api.w.org\/{rel}","templated":true}]}}