{"id":1161,"date":"2022-09-16T19:22:45","date_gmt":"2022-09-16T19:22:45","guid":{"rendered":"http:\/\/gularo.com\/product\/clash\/"},"modified":"2023-06-23T18:35:00","modified_gmt":"2023-06-23T18:35:00","slug":"clash","status":"publish","type":"product","link":"https:\/\/gularo.com\/?product=clash","title":{"rendered":"Clash"},"content":{"rendered":"<p><iframe title=\"YouTube video player\" src=\"https:\/\/www.youtube.com\/embed\/ZcRfsaxiV6Q\" width=\"560\" height=\"515\" frameborder=\"0\" allowfullscreen=\"allowfullscreen\"><\/iframe><\/p>\n","protected":false},"excerpt":{"rendered":"<p>Con este Parlante Port\u00e1til Grande Stromberg de audio Activo, te olvid\u00e1s del amplificador y de la potencia. Puedes conectarlo a la fuente de sonido que necesites y disfrut\u00e1 de audio de calidad en cualquier ocasi\u00f3n. Forma parte de la l\u00ednea de productos Stromberg\u00a0parlantes port\u00e1tiles grandes.<\/p>\n<p>Este dispositivo permite un tipo de conexi\u00f3n novedosa conocida como Bluetooth Stromberg Connect para crear un efecto est\u00e9reo y armar la fiesta en donde se te ocurra, de manera muy sencilla e inal\u00e1mbrica. \u00a1Pod\u00e9s conectarlo mediante Stromberg Connect con el Stromberg Riot 2 o con otro del mismo modelo!<\/p>\n<p>Gracias a esta versi\u00f3n de bluetooth, podr\u00e1s disfrutar de una conexi\u00f3n sin interrupciones ni problemas de rendimiento. El modelo Clash cuenta con un parlante de 12 pulgadas de di\u00e1metro y un tweeter con 3 pulgadas de di\u00e1metro. En conjunto, ofrecen una potencia de 60w RMS reales. Para poder utilizarlo donde quieras, viene equipado con una bater\u00eda interna de 3000mAh que le permite ofrecer horas de m\u00fasica y diversi\u00f3n. Tiene, adem\u00e1s, control de bajos y agudos, control remoto, entrada auxiliar, entrada para micr\u00f3fono, ecualizador digital, display y cable cargador y adaptador.<\/p>\n<p>Caracter\u00edsticas:<br \/>\n60w RMS potencia real<br \/>\nBater\u00eda interna 3000 mAh<br \/>\nControl de bajos y agudos<br \/>\nControl remoto<br \/>\nDi\u00e1metro parlante 1&#215;12&#8243;<br \/>\nDi\u00e1metro tweeter 1&#215;3&#8243;<br \/>\nEntrada auxiliar<br \/>\nEntrada para micr\u00f3fono<br \/>\nControl de volumen de micr\u00f3fono independiente<br \/>\nEcualizador digital<br \/>\nDisplay<br \/>\nIncluye cargador y adaptador<br \/>\nMedidas:<\/p>\n<p>Alto: 50 cm<\/p>\n<p>Profundidad: 32 cm<\/p>\n<p>Ancho: 35 cm<\/p>\n","protected":false},"featured_media":2300,"comment_status":"closed","ping_status":"closed","template":"","meta":{"_acf_changed":false,"_monsterinsights_skip_tracking":false,"_monsterinsights_sitenote_active":false,"_monsterinsights_sitenote_note":"","_monsterinsights_sitenote_category":0},"product_brand":[],"product_cat":[24,25,15],"product_tag":[],"class_list":{"0":"post-1161","1":"product","2":"type-product","3":"status-publish","4":"has-post-thumbnail","6":"product_cat-parlantes","7":"product_cat-parlantes-portatiles","8":"product_cat-stromberg","10":"first","11":"instock","12":"product-type-simple"},"acf":[],"aioseo_notices":[],"_links":{"self":[{"href":"https:\/\/gularo.com\/index.php?rest_route=\/wp\/v2\/product\/1161","targetHints":{"allow":["GET"]}}],"collection":[{"href":"https:\/\/gularo.com\/index.php?rest_route=\/wp\/v2\/product"}],"about":[{"href":"https:\/\/gularo.com\/index.php?rest_route=\/wp\/v2\/types\/product"}],"replies":[{"embeddable":true,"href":"https:\/\/gularo.com\/index.php?rest_route=%2Fwp%2Fv2%2Fcomments&post=1161"}],"wp:featuredmedia":[{"embeddable":true,"href":"https:\/\/gularo.com\/index.php?rest_route=\/wp\/v2\/media\/2300"}],"wp:attachment":[{"href":"https:\/\/gularo.com\/index.php?rest_route=%2Fwp%2Fv2%2Fmedia&parent=1161"}],"wp:term":[{"taxonomy":"product_brand","embeddable":true,"href":"https:\/\/gularo.com\/index.php?rest_route=%2Fwp%2Fv2%2Fproduct_brand&post=1161"},{"taxonomy":"product_cat","embeddable":true,"href":"https:\/\/gularo.com\/index.php?rest_route=%2Fwp%2Fv2%2Fproduct_cat&post=1161"},{"taxonomy":"product_tag","embeddable":true,"href":"https:\/\/gularo.com\/index.php?rest_route=%2Fwp%2Fv2%2Fproduct_tag&post=1161"}],"curies":[{"name":"wp","href":"https:\/\/api.w.org\/{rel}","templated":true}]}}