{"id":1183,"date":"2022-09-16T19:22:49","date_gmt":"2022-09-16T19:22:49","guid":{"rendered":"http:\/\/gularo.com\/product\/dhs-2111\/"},"modified":"2022-10-20T14:08:08","modified_gmt":"2022-10-20T14:08:08","slug":"dhs-2111","status":"publish","type":"product","link":"https:\/\/gularo.com\/?product=dhs-2111","title":{"rendered":"DHS-2111"},"content":{"rendered":"","protected":false},"excerpt":{"rendered":"<p>Sonido n\u00edtido y potente para tu escritorio, tecnolog\u00eda de primer nivel para gaming y oficinas<\/p>\n<p>Parlantes Multimedia<\/p>\n<p>Caracter\u00edsticas:<br \/>\n\u2022 Ecualizador integrado balancea agudos, medios y graves para un sonido m\u00e1s claro y n\u00edtido<br \/>\n\u2022 Entrada Auxiliar 3.5mm<br \/>\n\u2022 Salida 3.5mm para auriculares<br \/>\n\u2022 F\u00e1cil conexi\u00f3n, conect\u00e1 el USB a tu Dispositivo y el cable de 3,5mm a la entrada auxiliar<br \/>\n\u2022 Cable de 1,3m<br \/>\n\u2022 Control de volumen<\/p>\n<p>Potencia: 2 x 3 W RMS<br \/>\nFrecuencia:150Hz &#8211; 20KHz<br \/>\nSensibilidad: 85dB \u00b1 3dB<\/p>\n<p>Medidas: (correspondientes a cada parlante)<\/p>\n<p>Alto: 7 cm<br \/>\nAncho: 6 cm<br \/>\nProfundidad: 6 cm<\/p>\n","protected":false},"featured_media":868,"comment_status":"closed","ping_status":"closed","template":"","meta":{"_acf_changed":false,"_monsterinsights_skip_tracking":false,"_monsterinsights_sitenote_active":false,"_monsterinsights_sitenote_note":"","_monsterinsights_sitenote_category":0},"product_brand":[],"product_cat":[26,36,37],"product_tag":[],"class_list":{"0":"post-1183","1":"product","2":"type-product","3":"status-publish","4":"has-post-thumbnail","6":"product_cat-hp","7":"product_cat-parlantes-hp","8":"product_cat-parlantes-multimedia","10":"first","11":"instock","12":"product-type-simple"},"acf":[],"aioseo_notices":[],"_links":{"self":[{"href":"https:\/\/gularo.com\/index.php?rest_route=\/wp\/v2\/product\/1183","targetHints":{"allow":["GET"]}}],"collection":[{"href":"https:\/\/gularo.com\/index.php?rest_route=\/wp\/v2\/product"}],"about":[{"href":"https:\/\/gularo.com\/index.php?rest_route=\/wp\/v2\/types\/product"}],"replies":[{"embeddable":true,"href":"https:\/\/gularo.com\/index.php?rest_route=%2Fwp%2Fv2%2Fcomments&post=1183"}],"wp:featuredmedia":[{"embeddable":true,"href":"https:\/\/gularo.com\/index.php?rest_route=\/wp\/v2\/media\/868"}],"wp:attachment":[{"href":"https:\/\/gularo.com\/index.php?rest_route=%2Fwp%2Fv2%2Fmedia&parent=1183"}],"wp:term":[{"taxonomy":"product_brand","embeddable":true,"href":"https:\/\/gularo.com\/index.php?rest_route=%2Fwp%2Fv2%2Fproduct_brand&post=1183"},{"taxonomy":"product_cat","embeddable":true,"href":"https:\/\/gularo.com\/index.php?rest_route=%2Fwp%2Fv2%2Fproduct_cat&post=1183"},{"taxonomy":"product_tag","embeddable":true,"href":"https:\/\/gularo.com\/index.php?rest_route=%2Fwp%2Fv2%2Fproduct_tag&post=1183"}],"curies":[{"name":"wp","href":"https:\/\/api.w.org\/{rel}","templated":true}]}}