{"id":1192,"date":"2022-09-16T19:22:49","date_gmt":"2022-09-16T19:22:49","guid":{"rendered":"http:\/\/gularo.com\/product\/hall\/"},"modified":"2023-02-17T19:37:39","modified_gmt":"2023-02-17T19:37:39","slug":"hall","status":"publish","type":"product","link":"https:\/\/gularo.com\/?product=hall","title":{"rendered":"Hall"},"content":{"rendered":"<p><iframe title=\"YouTube video player\" src=\"https:\/\/www.youtube.com\/embed\/awLG68qs1eI\" width=\"560\" height=\"515\" frameborder=\"0\" allowfullscreen=\"allowfullscreen\"><\/iframe><\/p>\n","protected":false},"excerpt":{"rendered":"<p>Viv\u00ed la experiencia completa con el nuevo Stromberg Hall. Para eso lleg\u00f3 la nueva Barra de Sonido con Subwoofer Stromberg Hall para completar el lineal de Barras Stromberg.<\/p>\n<p>Este soundbar con subwoofer externo te ofrece la posibilidad de sumergirte en lo que est\u00e9s viendo, experimentando un sonido con una claridad \u00fanica gracias a sus potentes bajos. Cuenta con 50 watts de potencia real para amplificar tus sentidos.<\/p>\n<p>Tiene entrada HDMI, entrada de cable \u00f3ptico, entrada auxiliar 3.5mm y conexi\u00f3n bluetooth para que puedas conectarte como quieras y disfrutar. Adem\u00e1s del subwoofer externo, tiene 2 parlantes de 2.25 pulgadas para lograr ese sonido excepcional que buscas. Y su dise\u00f1o sobrio y de vanguardia permite que lo puedas ubicar en cualquier parte del hogar.<\/p>\n<p>Caracter\u00edsticas:<br \/>\nBluetooth<br \/>\nEntrada HDMI ARC<br \/>\n50 w RMS<br \/>\n2 parlantes de 2,25\u201d<br \/>\nSubwoofer externo de 5,25&#8243;<br \/>\nEntrada cable optical<br \/>\nEntrada auxiliar<br \/>\nMedidas Barra de Sonido:<\/p>\n<p>Alto: 8 cm<\/p>\n<p>Ancho: 80 cm<\/p>\n<p>Profundidad: 9 cm<\/p>\n<p>Medidas Subwoofer:<\/p>\n<p>Alto: 33 cm<\/p>\n<p>Ancho: 37 cm<\/p>\n<p>Profundidad: 19 cm<\/p>\n","protected":false},"featured_media":932,"comment_status":"closed","ping_status":"closed","template":"","meta":{"_acf_changed":false,"_monsterinsights_skip_tracking":false,"_monsterinsights_sitenote_active":false,"_monsterinsights_sitenote_note":"","_monsterinsights_sitenote_category":0},"product_brand":[],"product_cat":[24,42,15],"product_tag":[],"class_list":{"0":"post-1192","1":"product","2":"type-product","3":"status-publish","4":"has-post-thumbnail","6":"product_cat-parlantes","7":"product_cat-soundbars","8":"product_cat-stromberg","10":"first","11":"instock","12":"product-type-simple"},"acf":[],"aioseo_notices":[],"_links":{"self":[{"href":"https:\/\/gularo.com\/index.php?rest_route=\/wp\/v2\/product\/1192","targetHints":{"allow":["GET"]}}],"collection":[{"href":"https:\/\/gularo.com\/index.php?rest_route=\/wp\/v2\/product"}],"about":[{"href":"https:\/\/gularo.com\/index.php?rest_route=\/wp\/v2\/types\/product"}],"replies":[{"embeddable":true,"href":"https:\/\/gularo.com\/index.php?rest_route=%2Fwp%2Fv2%2Fcomments&post=1192"}],"wp:featuredmedia":[{"embeddable":true,"href":"https:\/\/gularo.com\/index.php?rest_route=\/wp\/v2\/media\/932"}],"wp:attachment":[{"href":"https:\/\/gularo.com\/index.php?rest_route=%2Fwp%2Fv2%2Fmedia&parent=1192"}],"wp:term":[{"taxonomy":"product_brand","embeddable":true,"href":"https:\/\/gularo.com\/index.php?rest_route=%2Fwp%2Fv2%2Fproduct_brand&post=1192"},{"taxonomy":"product_cat","embeddable":true,"href":"https:\/\/gularo.com\/index.php?rest_route=%2Fwp%2Fv2%2Fproduct_cat&post=1192"},{"taxonomy":"product_tag","embeddable":true,"href":"https:\/\/gularo.com\/index.php?rest_route=%2Fwp%2Fv2%2Fproduct_tag&post=1192"}],"curies":[{"name":"wp","href":"https:\/\/api.w.org\/{rel}","templated":true}]}}