{"id":1196,"date":"2022-09-16T19:22:53","date_gmt":"2022-09-16T19:22:53","guid":{"rendered":"http:\/\/gularo.com\/product\/km100\/"},"modified":"2022-10-20T13:39:57","modified_gmt":"2022-10-20T13:39:57","slug":"km100","status":"publish","type":"product","link":"https:\/\/gularo.com\/?product=km100","title":{"rendered":"KM100"},"content":{"rendered":"","protected":false},"excerpt":{"rendered":"<p>La nueva l\u00ednea de HP que incorporamos lleg\u00f3 para reinventar la vida digital y combinar lo mejor de los dos mundos: oficina y gaming, en un mismo producto.<br \/>\nEl combo HP KM100 est\u00e1 dise\u00f1ado para oficinas, sutil, duradero y confiable.<br \/>\nEl teclado HP KM-100 trae un dise\u00f1o con un interruptor de membrana de alta calidad protege el teclado de salpicaduras. Tiene una vida \u00fatil de m\u00e1s de 8 millones de veces. Cuenta con un pie para ajustar el \u00e1ngulo y la altura del teclado para una posici\u00f3n m\u00e1s c\u00f3moda para tus mu\u00f1ecas. Su configuraci\u00f3n de teclas viene en lenguaje ingl\u00e9s.<br \/>\nEl mouse tiene una velocidad DPI de hasta 1600, dise\u00f1o inclusivo para manos izquierdas y derechas.<\/p>\n","protected":false},"featured_media":960,"comment_status":"closed","ping_status":"closed","template":"","meta":{"_acf_changed":false,"_monsterinsights_skip_tracking":false,"_monsterinsights_sitenote_active":false,"_monsterinsights_sitenote_note":"","_monsterinsights_sitenote_category":0},"product_brand":[],"product_cat":[44,26,40],"product_tag":[],"class_list":{"0":"post-1196","1":"product","2":"type-product","3":"status-publish","4":"has-post-thumbnail","6":"product_cat-combos","7":"product_cat-hp","8":"product_cat-mouse-y-teclados","10":"first","11":"instock","12":"product-type-simple"},"acf":[],"aioseo_notices":[],"_links":{"self":[{"href":"https:\/\/gularo.com\/index.php?rest_route=\/wp\/v2\/product\/1196","targetHints":{"allow":["GET"]}}],"collection":[{"href":"https:\/\/gularo.com\/index.php?rest_route=\/wp\/v2\/product"}],"about":[{"href":"https:\/\/gularo.com\/index.php?rest_route=\/wp\/v2\/types\/product"}],"replies":[{"embeddable":true,"href":"https:\/\/gularo.com\/index.php?rest_route=%2Fwp%2Fv2%2Fcomments&post=1196"}],"wp:featuredmedia":[{"embeddable":true,"href":"https:\/\/gularo.com\/index.php?rest_route=\/wp\/v2\/media\/960"}],"wp:attachment":[{"href":"https:\/\/gularo.com\/index.php?rest_route=%2Fwp%2Fv2%2Fmedia&parent=1196"}],"wp:term":[{"taxonomy":"product_brand","embeddable":true,"href":"https:\/\/gularo.com\/index.php?rest_route=%2Fwp%2Fv2%2Fproduct_brand&post=1196"},{"taxonomy":"product_cat","embeddable":true,"href":"https:\/\/gularo.com\/index.php?rest_route=%2Fwp%2Fv2%2Fproduct_cat&post=1196"},{"taxonomy":"product_tag","embeddable":true,"href":"https:\/\/gularo.com\/index.php?rest_route=%2Fwp%2Fv2%2Fproduct_tag&post=1196"}],"curies":[{"name":"wp","href":"https:\/\/api.w.org\/{rel}","templated":true}]}}