{"id":1197,"date":"2022-09-16T19:22:53","date_gmt":"2022-09-16T19:22:53","guid":{"rendered":"http:\/\/gularo.com\/product\/km300f\/"},"modified":"2022-10-20T13:37:13","modified_gmt":"2022-10-20T13:37:13","slug":"km300f","status":"publish","type":"product","link":"https:\/\/gularo.com\/?product=km300f","title":{"rendered":"KM300F"},"content":{"rendered":"","protected":false},"excerpt":{"rendered":"<p>La nueva l\u00ednea de HP que incorporamos lleg\u00f3 para reinventar la vida digital y combinar lo mejor de los dos mundos: oficina y gaming, en un mismo producto.<br \/>\nEste combo de teclado HP KM \u2013 300F con mouse est\u00e1 creado para el gaming.<br \/>\nEl teclado incluye un panel met\u00e1lico e iluminaci\u00f3n LED. Adem\u00e1s, cuenta con tecla Fn para atajos personalizados. Su configuraci\u00f3n de teclas viene en lenguaje ingl\u00e9s.<br \/>\nEl mouse, tambi\u00e9n retroiluminado, posee 6 botones y debido a su dise\u00f1o ultra delgado, ergon\u00f3mico, liviano y su rueda scroll con textura antideslizante, es perfecto para una sensaci\u00f3n de comodidad excepcional. Su sistema de detecci\u00f3n de movimiento \u00f3ptico, permite mover el cursor de una manera m\u00e1s precisa y sensible que en los sistemas tradicionales.<br \/>\nLa calidad de HP que garantiza una vida \u00fatil de hasta 10 millones de clicks.<\/p>\n","protected":false},"featured_media":963,"comment_status":"closed","ping_status":"closed","template":"","meta":{"_acf_changed":false,"_monsterinsights_skip_tracking":false,"_monsterinsights_sitenote_active":false,"_monsterinsights_sitenote_note":"","_monsterinsights_sitenote_category":0},"product_brand":[],"product_cat":[44,26,40],"product_tag":[],"class_list":{"0":"post-1197","1":"product","2":"type-product","3":"status-publish","4":"has-post-thumbnail","6":"product_cat-combos","7":"product_cat-hp","8":"product_cat-mouse-y-teclados","10":"first","11":"instock","12":"product-type-simple"},"acf":[],"aioseo_notices":[],"_links":{"self":[{"href":"https:\/\/gularo.com\/index.php?rest_route=\/wp\/v2\/product\/1197","targetHints":{"allow":["GET"]}}],"collection":[{"href":"https:\/\/gularo.com\/index.php?rest_route=\/wp\/v2\/product"}],"about":[{"href":"https:\/\/gularo.com\/index.php?rest_route=\/wp\/v2\/types\/product"}],"replies":[{"embeddable":true,"href":"https:\/\/gularo.com\/index.php?rest_route=%2Fwp%2Fv2%2Fcomments&post=1197"}],"wp:featuredmedia":[{"embeddable":true,"href":"https:\/\/gularo.com\/index.php?rest_route=\/wp\/v2\/media\/963"}],"wp:attachment":[{"href":"https:\/\/gularo.com\/index.php?rest_route=%2Fwp%2Fv2%2Fmedia&parent=1197"}],"wp:term":[{"taxonomy":"product_brand","embeddable":true,"href":"https:\/\/gularo.com\/index.php?rest_route=%2Fwp%2Fv2%2Fproduct_brand&post=1197"},{"taxonomy":"product_cat","embeddable":true,"href":"https:\/\/gularo.com\/index.php?rest_route=%2Fwp%2Fv2%2Fproduct_cat&post=1197"},{"taxonomy":"product_tag","embeddable":true,"href":"https:\/\/gularo.com\/index.php?rest_route=%2Fwp%2Fv2%2Fproduct_tag&post=1197"}],"curies":[{"name":"wp","href":"https:\/\/api.w.org\/{rel}","templated":true}]}}