{"id":1202,"date":"2022-09-16T19:22:53","date_gmt":"2022-09-16T19:22:53","guid":{"rendered":"http:\/\/gularo.com\/product\/m270\/"},"modified":"2022-10-20T17:29:42","modified_gmt":"2022-10-20T17:29:42","slug":"m270","status":"publish","type":"product","link":"https:\/\/gularo.com\/?product=m270","title":{"rendered":"M270"},"content":{"rendered":"","protected":false},"excerpt":{"rendered":"<p>La nueva l\u00ednea de HP que incorporamos lleg\u00f3 para reinventar la vida digital y combinar lo mejor de los dos mundos: oficina y gaming, en un mismo producto.<br \/>\nEl mouse HP M-270 de 6D DPI 7 es un mouse pensado para Gaming. El sistema de detecci\u00f3n de movimiento \u00f3ptico que trae, permite mover el cursor de una manera m\u00e1s precisa y sensible que en los sistemas tradicionales.<br \/>\nEn lo que respecta al dise\u00f1o es ultra delgado, ergon\u00f3mico y su rueda scroll con textura antideslizante, brinda una sensaci\u00f3n de comodidad excepcional. Podr\u00e1s programar sus colores a tu gusto.<br \/>\nEste mouse gamer, ofrece la posibilidad de marcar la diferencia y sacar ventajas en las partidas gracias a su chip incorporado, que mejora el funcionamiento y la velocidad de respuesta. Y con la funci\u00f3n de macro personalizada, se puede configurar una variedad de operaciones con un solo bot\u00f3n.<\/p>\n","protected":false},"featured_media":984,"comment_status":"closed","ping_status":"closed","template":"","meta":{"_acf_changed":false,"_monsterinsights_skip_tracking":false,"_monsterinsights_sitenote_active":false,"_monsterinsights_sitenote_note":"","_monsterinsights_sitenote_category":0},"product_brand":[],"product_cat":[26,41,40],"product_tag":[],"class_list":{"0":"post-1202","1":"product","2":"type-product","3":"status-publish","4":"has-post-thumbnail","6":"product_cat-hp","7":"product_cat-mouse","8":"product_cat-mouse-y-teclados","10":"first","11":"instock","12":"product-type-simple"},"acf":[],"aioseo_notices":[],"_links":{"self":[{"href":"https:\/\/gularo.com\/index.php?rest_route=\/wp\/v2\/product\/1202","targetHints":{"allow":["GET"]}}],"collection":[{"href":"https:\/\/gularo.com\/index.php?rest_route=\/wp\/v2\/product"}],"about":[{"href":"https:\/\/gularo.com\/index.php?rest_route=\/wp\/v2\/types\/product"}],"replies":[{"embeddable":true,"href":"https:\/\/gularo.com\/index.php?rest_route=%2Fwp%2Fv2%2Fcomments&post=1202"}],"wp:featuredmedia":[{"embeddable":true,"href":"https:\/\/gularo.com\/index.php?rest_route=\/wp\/v2\/media\/984"}],"wp:attachment":[{"href":"https:\/\/gularo.com\/index.php?rest_route=%2Fwp%2Fv2%2Fmedia&parent=1202"}],"wp:term":[{"taxonomy":"product_brand","embeddable":true,"href":"https:\/\/gularo.com\/index.php?rest_route=%2Fwp%2Fv2%2Fproduct_brand&post=1202"},{"taxonomy":"product_cat","embeddable":true,"href":"https:\/\/gularo.com\/index.php?rest_route=%2Fwp%2Fv2%2Fproduct_cat&post=1202"},{"taxonomy":"product_tag","embeddable":true,"href":"https:\/\/gularo.com\/index.php?rest_route=%2Fwp%2Fv2%2Fproduct_tag&post=1202"}],"curies":[{"name":"wp","href":"https:\/\/api.w.org\/{rel}","templated":true}]}}