{"id":1213,"date":"2022-09-16T19:22:53","date_gmt":"2022-09-16T19:22:53","guid":{"rendered":"http:\/\/gularo.com\/product\/slag\/"},"modified":"2022-11-15T13:45:40","modified_gmt":"2022-11-15T13:45:40","slug":"slag","status":"publish","type":"product","link":"https:\/\/gularo.com\/?product=slag","title":{"rendered":"Slag"},"content":{"rendered":"<p><iframe width=\"560\" height=\"515\" src=\"https:\/\/www.youtube.com\/embed\/z-Aj8p5LIVQ\" title=\"YouTube video player\" frameborder=\"0\" allow=\"accelerometer; autoplay; clipboard-write; encrypted-media; gyroscope; picture-in-picture\" allowfullscreen><\/iframe><\/p>\n","protected":false},"excerpt":{"rendered":"<p>Los Auriculares Bluetooth Special Edition by MTSay fueron ideados por una dise\u00f1adora textil argentina que llev\u00f3 la tinta al dise\u00f1o y este directamente a los auriculares Stromberg, logrando unos dispositivos de calidad, c\u00f3modos, duraderos y cancheros. La mezcla de colores moderna los convierte en una pieza combinable que puede formar parte de tu estilo y guardarropa.<\/p>\n<p>Disfruta de la libertad inal\u00e1mbrica y llev\u00e1 siempre tus auriculares bluetooth Stromberg Slag para escaparte de la rutina. Podr\u00e1s sumergite en la m\u00fasica que m\u00e1s te gusta cu\u00e1ndo y d\u00f3nde quieras. Su dise\u00f1o que encierra por completo a la oreja ofrece un sonido sin igual mientras te aisla de los ruidos externos que pueden interferir con tu sesi\u00f3n de m\u00fasica.<\/p>\n<p>Por otro lado, la tecnolog\u00eda DeepBass presente en los productos Stromberg dotan a estos auriculares de unos bajos potenciados y un sonido m\u00e1s cristalino y superior. Su tama\u00f1o es el ideal para poder ser transportado de la manera en la que te lo imagines. Entra en un bolso, una mochila, una cartera y m\u00e1s. Su bajo peso y su dise\u00f1o adaptativo te permitir\u00e1n lograr los ajustes necesarios para que puedas disfrutar durante horas tu m\u00fasica favorita sin ruidos externos ni molestias. Adem\u00e1s ofrece 8 horas de reproducci\u00f3n continua gracias a la bater\u00eda de alta generaci\u00f3n interna que posee y la conexi\u00f3n Bluetooth 5.0.<\/p>\n<p>Caracter\u00edsticas:<br \/>\nConexi\u00f3n Bluetooth \u00faltima generaci\u00f3n<br \/>\nTecnolog\u00eda DeepBass\u00ae de bajos potenciados para sonido superior<br \/>\nEntrada Auxiliar 3.5mm<\/p>\n<p>Bateria 8 horas de duracion<\/p>\n<p>Dise\u00f1o \u00fanico y canchero<br \/>\nComodidad y versatilidad<br \/>\nMedidas:<\/p>\n<p>Alto: 18,5 cm<\/p>\n<p>Profundidad: 7 cm<\/p>\n<p>Ancho: 11,5 cm<\/p>\n","protected":false},"featured_media":1045,"comment_status":"closed","ping_status":"closed","template":"","meta":{"_acf_changed":false,"_monsterinsights_skip_tracking":false,"_monsterinsights_sitenote_active":false,"_monsterinsights_sitenote_note":"","_monsterinsights_sitenote_category":0},"product_brand":[],"product_cat":[32,47,15],"product_tag":[],"class_list":{"0":"post-1213","1":"product","2":"type-product","3":"status-publish","4":"has-post-thumbnail","6":"product_cat-auriculares","7":"product_cat-headphones-auriculares","8":"product_cat-stromberg","10":"first","11":"instock","12":"product-type-simple"},"acf":[],"aioseo_notices":[],"_links":{"self":[{"href":"https:\/\/gularo.com\/index.php?rest_route=\/wp\/v2\/product\/1213","targetHints":{"allow":["GET"]}}],"collection":[{"href":"https:\/\/gularo.com\/index.php?rest_route=\/wp\/v2\/product"}],"about":[{"href":"https:\/\/gularo.com\/index.php?rest_route=\/wp\/v2\/types\/product"}],"replies":[{"embeddable":true,"href":"https:\/\/gularo.com\/index.php?rest_route=%2Fwp%2Fv2%2Fcomments&post=1213"}],"wp:featuredmedia":[{"embeddable":true,"href":"https:\/\/gularo.com\/index.php?rest_route=\/wp\/v2\/media\/1045"}],"wp:attachment":[{"href":"https:\/\/gularo.com\/index.php?rest_route=%2Fwp%2Fv2%2Fmedia&parent=1213"}],"wp:term":[{"taxonomy":"product_brand","embeddable":true,"href":"https:\/\/gularo.com\/index.php?rest_route=%2Fwp%2Fv2%2Fproduct_brand&post=1213"},{"taxonomy":"product_cat","embeddable":true,"href":"https:\/\/gularo.com\/index.php?rest_route=%2Fwp%2Fv2%2Fproduct_cat&post=1213"},{"taxonomy":"product_tag","embeddable":true,"href":"https:\/\/gularo.com\/index.php?rest_route=%2Fwp%2Fv2%2Fproduct_tag&post=1213"}],"curies":[{"name":"wp","href":"https:\/\/api.w.org\/{rel}","templated":true}]}}