{"id":1218,"date":"2022-09-16T19:22:57","date_gmt":"2022-09-16T19:22:57","guid":{"rendered":"http:\/\/gularo.com\/product\/studio\/"},"modified":"2022-11-14T18:14:58","modified_gmt":"2022-11-14T18:14:58","slug":"studio","status":"publish","type":"product","link":"https:\/\/gularo.com\/?product=studio","title":{"rendered":"Studio"},"content":{"rendered":"<p><iframe width=\"560\" height=\"515\" src=\"https:\/\/www.youtube.com\/embed\/nrLWTMQvkRQ\" title=\"YouTube video player\" frameborder=\"0\" allow=\"accelerometer; autoplay; clipboard-write; encrypted-media; gyroscope; picture-in-picture\" allowfullscreen><\/iframe><\/p>\n","protected":false},"excerpt":{"rendered":"<p>Disfrut\u00e1 de la libertad inal\u00e1mbrica y llev\u00e1 siempre tus Auriculares Inal\u00e1mbricos Bluetooth Stromberg para escaparte de la rutina y sumergite en tu m\u00fasica que m\u00e1s te gusta cuando y donde quieras. Cuentan con una bater\u00eda de iones de litio de \u00faltima generaci\u00f3n que ofrece una duraci\u00f3n en torno a las 8 horas de reproducci\u00f3n continua. Podr\u00e1s disfrutar de la m\u00fasica y los podcast que m\u00e1s te gustan sin preocuparte por cargarlos.<\/p>\n<p>Los altavoces tienen una sensibilidad de 99 decibeles, una impedancia de 32 Ohm con una frecuencia amplia que abarca desde los 20Hz hasta los 20.000Hz. Adem\u00e1s, estos Auriculares Inal\u00e1mbricos Bluetooth est\u00e1n equipados con la tecnolog\u00eda DeepBass para ofrecer unos bajos con mayor potencia y claridad. Esta combinaci\u00f3n los convierte en los candidatos perfectos para los amantes de la m\u00fasica.<\/p>\n<p>Sus medidas de 18.5 cm de alto, 7 cm de profundidad y 11.5 cm de ancho se adaptan a todos los usuarios sin ning\u00fan problema. Sus almohadillas premium les permiten apoyarse sobre tus o\u00eddos c\u00f3modamente mientras aislan los ruidos y sonidos provenientes del exterior. De esta manera te podr\u00e1s concentrar en lo que realmente importa: la m\u00fasica.<\/p>\n<p>Caracter\u00edsticas:<br \/>\nConexi\u00f3n Bluetooth<br \/>\nTecnolog\u00eda DeepBass\u00ae de bajos potenciados para sonido superior<br \/>\nEntrada Auxiliar 3.5mm<br \/>\nBater\u00eda de 10hs.<br \/>\nSensibilidad: 99dB S.P.L a 1KHz<br \/>\nImpedancia: 32 Ohm<br \/>\nFrecuencia: 20Hz-20,000Hz<br \/>\nMedidas:<\/p>\n<p>Alto: 18,5 cm<\/p>\n<p>Profundidad: 7 cm<\/p>\n<p>Ancho: 11,5 cm<\/p>\n","protected":false},"featured_media":1082,"comment_status":"closed","ping_status":"closed","template":"","meta":{"_acf_changed":false,"_monsterinsights_skip_tracking":false,"_monsterinsights_sitenote_active":false,"_monsterinsights_sitenote_note":"","_monsterinsights_sitenote_category":0},"product_brand":[],"product_cat":[32,47,15],"product_tag":[],"class_list":{"0":"post-1218","1":"product","2":"type-product","3":"status-publish","4":"has-post-thumbnail","6":"product_cat-auriculares","7":"product_cat-headphones-auriculares","8":"product_cat-stromberg","10":"first","11":"instock","12":"product-type-simple"},"acf":[],"aioseo_notices":[],"_links":{"self":[{"href":"https:\/\/gularo.com\/index.php?rest_route=\/wp\/v2\/product\/1218","targetHints":{"allow":["GET"]}}],"collection":[{"href":"https:\/\/gularo.com\/index.php?rest_route=\/wp\/v2\/product"}],"about":[{"href":"https:\/\/gularo.com\/index.php?rest_route=\/wp\/v2\/types\/product"}],"replies":[{"embeddable":true,"href":"https:\/\/gularo.com\/index.php?rest_route=%2Fwp%2Fv2%2Fcomments&post=1218"}],"wp:featuredmedia":[{"embeddable":true,"href":"https:\/\/gularo.com\/index.php?rest_route=\/wp\/v2\/media\/1082"}],"wp:attachment":[{"href":"https:\/\/gularo.com\/index.php?rest_route=%2Fwp%2Fv2%2Fmedia&parent=1218"}],"wp:term":[{"taxonomy":"product_brand","embeddable":true,"href":"https:\/\/gularo.com\/index.php?rest_route=%2Fwp%2Fv2%2Fproduct_brand&post=1218"},{"taxonomy":"product_cat","embeddable":true,"href":"https:\/\/gularo.com\/index.php?rest_route=%2Fwp%2Fv2%2Fproduct_cat&post=1218"},{"taxonomy":"product_tag","embeddable":true,"href":"https:\/\/gularo.com\/index.php?rest_route=%2Fwp%2Fv2%2Fproduct_tag&post=1218"}],"curies":[{"name":"wp","href":"https:\/\/api.w.org\/{rel}","templated":true}]}}