{"id":1222,"date":"2022-09-16T19:22:57","date_gmt":"2022-09-16T19:22:57","guid":{"rendered":"http:\/\/gularo.com\/product\/warm\/"},"modified":"2022-11-15T13:27:15","modified_gmt":"2022-11-15T13:27:15","slug":"warm","status":"publish","type":"product","link":"https:\/\/gularo.com\/?product=warm","title":{"rendered":"Warm"},"content":{"rendered":"<p><iframe width=\"560\" height=\"515\" src=\"https:\/\/www.youtube.com\/embed\/lYEu-j_x2-g\" title=\"YouTube video player\" frameborder=\"0\" allow=\"accelerometer; autoplay; clipboard-write; encrypted-media; gyroscope; picture-in-picture\" allowfullscreen><\/iframe><\/p>\n","protected":false},"excerpt":{"rendered":"<p>Vitroconvectores<\/p>\n<p>El vitroconvector Warm tiene 2000 watts de potencia que generan un calor envolvente. Dispone de un selector de termostato para regular de manera manual la temperatura perfecta. Adem\u00e1s, cuenta con fusibles de seguridad de desactivaci\u00f3n autom\u00e1tica en caso de sobrecalentamiento o exceso de corriente.<\/p>\n<p>El vitroconvector Stromberg Life est\u00e1 disponible en 4 distintos modelos modernos de distintos colores y tramas. Tiene patas met\u00e1licas y su cristal templado de alta resistencia disipa eficientemente el calor generado y puede alcanzar altas temperaturas sin da\u00f1arse. Por otra parte, sus dimensiones y peso moderados permiten trasladarlo de una habitaci\u00f3n a otra sin demasiado esfuerzo. Su uso es muy sencillo gracias a su comando de control con interruptor que permite regular dos temperaturas distintas.<\/p>\n<p>A diferencia de los sistemas de calefacci\u00f3n a gas, este tipo de convectores no desprenden de la combusti\u00f3n por lo que pueden utilizarse en espacios cerrados sin ventilaci\u00f3n<\/p>\n","protected":false},"featured_media":1115,"comment_status":"closed","ping_status":"closed","template":"","meta":{"_acf_changed":false,"_monsterinsights_skip_tracking":false,"_monsterinsights_sitenote_active":false,"_monsterinsights_sitenote_note":"","_monsterinsights_sitenote_category":0},"product_brand":[],"product_cat":[31,28],"product_tag":[],"class_list":{"0":"post-1222","1":"product","2":"type-product","3":"status-publish","4":"has-post-thumbnail","6":"product_cat-calefaccion","7":"product_cat-stromberg-life","9":"first","10":"instock","11":"product-type-simple"},"acf":[],"aioseo_notices":[],"_links":{"self":[{"href":"https:\/\/gularo.com\/index.php?rest_route=\/wp\/v2\/product\/1222","targetHints":{"allow":["GET"]}}],"collection":[{"href":"https:\/\/gularo.com\/index.php?rest_route=\/wp\/v2\/product"}],"about":[{"href":"https:\/\/gularo.com\/index.php?rest_route=\/wp\/v2\/types\/product"}],"replies":[{"embeddable":true,"href":"https:\/\/gularo.com\/index.php?rest_route=%2Fwp%2Fv2%2Fcomments&post=1222"}],"wp:featuredmedia":[{"embeddable":true,"href":"https:\/\/gularo.com\/index.php?rest_route=\/wp\/v2\/media\/1115"}],"wp:attachment":[{"href":"https:\/\/gularo.com\/index.php?rest_route=%2Fwp%2Fv2%2Fmedia&parent=1222"}],"wp:term":[{"taxonomy":"product_brand","embeddable":true,"href":"https:\/\/gularo.com\/index.php?rest_route=%2Fwp%2Fv2%2Fproduct_brand&post=1222"},{"taxonomy":"product_cat","embeddable":true,"href":"https:\/\/gularo.com\/index.php?rest_route=%2Fwp%2Fv2%2Fproduct_cat&post=1222"},{"taxonomy":"product_tag","embeddable":true,"href":"https:\/\/gularo.com\/index.php?rest_route=%2Fwp%2Fv2%2Fproduct_tag&post=1222"}],"curies":[{"name":"wp","href":"https:\/\/api.w.org\/{rel}","templated":true}]}}