{"id":2050,"date":"2023-02-03T13:18:58","date_gmt":"2023-02-03T13:18:58","guid":{"rendered":"https:\/\/gularo.com\/?post_type=product&#038;p=2050"},"modified":"2023-02-16T17:46:31","modified_gmt":"2023-02-16T17:46:31","slug":"fresh","status":"publish","type":"product","link":"https:\/\/gularo.com\/?product=fresh","title":{"rendered":"Fresh"},"content":{"rendered":"","protected":false},"excerpt":{"rendered":"<p>\u00a1Siente la frescura en cada sorbo con la licuadora Fresh de Stromberg Life! Con su potente motor de 400 vatios y hasta 4 velocidades, podr\u00e1s crear tus jugos y smoothies favoritos en segundos. Dise\u00f1o innovador, podr\u00e1s mezclar cualquier ingrediente con facilidad. \u00a1Experimenta la vida fresca y saludable con Fresh de Stromberg Life!<\/p>\n<p>CARACTERISTICAS<br \/>\n400 watts de potencia<br \/>\n4 velocidades<br \/>\nJarra de vidrio<\/p>\n","protected":false},"featured_media":2107,"comment_status":"open","ping_status":"closed","template":"","meta":{"_acf_changed":false,"_monsterinsights_skip_tracking":false,"_monsterinsights_sitenote_active":false,"_monsterinsights_sitenote_note":"","_monsterinsights_sitenote_category":0},"product_brand":[],"product_cat":[51,28],"product_tag":[],"class_list":{"0":"post-2050","1":"product","2":"type-product","3":"status-publish","4":"has-post-thumbnail","6":"product_cat-pequenos-electrodomesticos","7":"product_cat-stromberg-life","9":"first","10":"instock","11":"shipping-taxable","12":"product-type-simple"},"acf":[],"aioseo_notices":[],"_links":{"self":[{"href":"https:\/\/gularo.com\/index.php?rest_route=\/wp\/v2\/product\/2050","targetHints":{"allow":["GET"]}}],"collection":[{"href":"https:\/\/gularo.com\/index.php?rest_route=\/wp\/v2\/product"}],"about":[{"href":"https:\/\/gularo.com\/index.php?rest_route=\/wp\/v2\/types\/product"}],"replies":[{"embeddable":true,"href":"https:\/\/gularo.com\/index.php?rest_route=%2Fwp%2Fv2%2Fcomments&post=2050"}],"wp:featuredmedia":[{"embeddable":true,"href":"https:\/\/gularo.com\/index.php?rest_route=\/wp\/v2\/media\/2107"}],"wp:attachment":[{"href":"https:\/\/gularo.com\/index.php?rest_route=%2Fwp%2Fv2%2Fmedia&parent=2050"}],"wp:term":[{"taxonomy":"product_brand","embeddable":true,"href":"https:\/\/gularo.com\/index.php?rest_route=%2Fwp%2Fv2%2Fproduct_brand&post=2050"},{"taxonomy":"product_cat","embeddable":true,"href":"https:\/\/gularo.com\/index.php?rest_route=%2Fwp%2Fv2%2Fproduct_cat&post=2050"},{"taxonomy":"product_tag","embeddable":true,"href":"https:\/\/gularo.com\/index.php?rest_route=%2Fwp%2Fv2%2Fproduct_tag&post=2050"}],"curies":[{"name":"wp","href":"https:\/\/api.w.org\/{rel}","templated":true}]}}